{"id":21,"date":"2014-09-26T17:23:32","date_gmt":"2014-09-26T17:23:32","guid":{"rendered":"http:\/\/192.168.1.104\/enfold-photography\/?page_id=21"},"modified":"2018-05-29T09:57:03","modified_gmt":"2018-05-29T07:57:03","slug":"about","status":"publish","type":"page","link":"https:\/\/www.sieben-zwoelftel.at\/?page_id=21","title":{"rendered":"About"},"content":{"rendered":"<\/div><\/div><\/div><!-- close content main div --><\/div><\/div><div id='full_slider_1' class='avia-fullwidth-slider main_color avia-shadow   container_wrap fullsize'   ><div  data-size='extra_large'  data-lightbox_size='large'  data-animation='fade'  data-ids='700'  data-video_counter='0'  data-autoplay='false'  data-bg_slider='false'  data-slide_height=''  data-handle='av_slideshow_full'  data-interval='5'  data-class=' '  data-css_id=''  data-scroll_down=''  data-control_layout='av-control-minimal'  data-custom_markup=''  data-perma_caption=''  data-autoplay_stopper=''  data-image_attachment=''  data-min_height='0px'  data-src=''  data-position='top left'  data-repeat='no-repeat'  data-attach='scroll'  data-stretch=''  data-default-height='100'  class='avia-slideshow avia-slideshow-1  av-control-minimal av-default-height-applied avia-slideshow-extra_large av_slideshow_full   avia-fade-slider '  itemprop=\"ImageObject\" itemscope=\"itemscope\" itemtype=\"https:\/\/schema.org\/ImageObject\" ><ul class='avia-slideshow-inner' style='padding-bottom: 59.8%;'><li  class=' av-single-slide slide-1 ' ><div data-rel='slideshow-1' class='avia-slide-wrap'  ><img src='https:\/\/www.sieben-zwoelftel.at\/wp-content\/uploads\/2018\/05\/About-1500x897.jpg' width='1500' height='897' title='About' alt=''  itemprop=\"thumbnailUrl\"   \/><\/div><\/li><\/ul><\/div><\/div>\n<\/div><\/div><\/div><!-- close content main div --><\/div><\/div><div id='av-layout-grid-1' class='av-layout-grid-container entry-content-wrapper main_color av-flex-cells    container_wrap fullsize'   >\n<div class=\"flex_cell no_margin av_one_third   \" style='vertical-align:top; padding:30px; '><div class='flex_cell_inner' ><p><div style='padding-bottom:10px;' class='av-special-heading av-special-heading-h3     '><h3 class='av-special-heading-tag '  itemprop=\"headline\"  >Zu Mir!<\/h3><div class='special-heading-border'><div class='special-heading-inner-border' ><\/div><\/div><\/div><br \/>\n<section class=\"av_textblock_section \"  itemscope=\"itemscope\" itemtype=\"https:\/\/schema.org\/CreativeWork\" ><div class='avia_textblock  '   itemprop=\"text\" ><p>Die Person hinter &#8220;sieben.zw\u00f6lftel&#8221; besitzt nat\u00fcrlich auch einen Namen: mein Name ist Sandra Forstner und ich komme aus der Obersteiermark. Meine Liebe zum Schneiderhandwerk hat sich sehr fr\u00fch entwickelt, da meine Mama auch Schneiderin ist. Bereits mit f\u00fcnf schneiderte ich f\u00fcr meine Barbiepuppen besondere Outfits. Meine Ausbildung zur Damenkleidermachermeisterin habe ich \u00fcber 2 Schulen absolviert. Zuerst besuchte ich die Modeschule Klagenfurt &#8220;Die WI\u00b4MO&#8221; und absolvierte dort 5 Jahre mit Matura. Das Jahr darauf ging ich nach Wien an die Mode- und Designschule &#8220;Die Herbststra\u00dfe&#8221; und beendete diese mit meinem Meisterbrief. Nach dieser war ich noch in Wien im Theaterbereich unterwegs, daher verarbeite ich vieles auf meine eigene Weise. Jetzt mit meinem Label m\u00f6chte ich Fashion schaffen, in der sich die Menschen wohlf\u00fchlen!<\/p>\n<\/div><\/section><\/p>\n<\/div><\/div><div class=\"flex_cell no_margin av_one_third   \" style='vertical-align:top; padding:30px; background-color:#f7f7f7; '><div class='flex_cell_inner' ><p><div style='padding-bottom:10px;' class='av-special-heading av-special-heading-h3     '><h3 class='av-special-heading-tag '  itemprop=\"headline\"  >Genau das richtige f\u00fcr dich!<\/h3><div class='special-heading-border'><div class='special-heading-inner-border' ><\/div><\/div><\/div><br \/>\n<section class=\"av_textblock_section \"  itemscope=\"itemscope\" itemtype=\"https:\/\/schema.org\/CreativeWork\" ><div class='avia_textblock  '   itemprop=\"text\" ><p>Ich arbeite sehr eng mit meinen Kunden, also mit dir zusammen! Mir ist es sehr wichtig das ich einen pers\u00f6nlichen Bezug zum Kunden finde und dadurch verstehe ich leichter die Ideen hinter dem was Sie gerne haben m\u00f6chten. Um die richtigen Materialien und Farben zu finden gehe ich gemeinsam mit ihnen Stoffe shoppen. Meine Arbeitsweise ist sicher etwas anders, da ich ICH bin \ud83d\ude09<\/p>\n<p>Kleine Philosophie zu meiner Casual Wear: Ich gehe liebend gerne Stoffe schauen und shoppen und daher finde ich fast immer f\u00fcr mich wundersch\u00f6ne Materialien. Diese gibt es dann meist nur mehr als Restst\u00fccke und daraus entstehen dan meine Sachen. Diese gibt es daher nur in ganz kleine Auflagen, wenn \u00fcberhaupt in jeder Gr\u00f6\u00dfe 1 St\u00fcck, je nach Stoffmetern!<\/p>\n<\/div><\/section><\/p>\n<\/div><\/div><div class=\"flex_cell no_margin av_one_third   \" style='vertical-align:top; padding:30px; background-color:#eaeaea; '><div class='flex_cell_inner' ><p><div style='padding-bottom:10px;' class='av-special-heading av-special-heading-h3    '><h3 class='av-special-heading-tag '  itemprop=\"headline\"  >Aus dem gr\u00fcnen Herzen \u00d6sterreichs!<\/h3><div class='special-heading-border'><div class='special-heading-inner-border' ><\/div><\/div><\/div><br \/>\n<section class=\"av_textblock_section \"  itemscope=\"itemscope\" itemtype=\"https:\/\/schema.org\/CreativeWork\" ><div class='avia_textblock  '   itemprop=\"text\" ><p>Ich bin ein typisches Landei! Meine Liebe zur Heimat hat sich sehr verst\u00e4rkt als ich meine Ausbildung in Wien machte. Sogern ich auch in der gro\u00dfen Stadt bin, soo viel lieber bin ich zwischen meinen Bergen in der Obersteiermark! Dort kann ich besser meine Ideen sortieren und umsetzen, die ich in der Stadt gesammelt habe. Mein Leben ist vielf\u00e4ltig und ich kann nicht f\u00fcr eine Sekunde ruhig sitzen, ein Mensch der immer auf Achse ist.<\/p>\n<\/div><\/section><\/p>\n<\/div><\/div>\n<\/div>\n<\/div><\/div><\/div><!-- close content main div --><\/div><\/div><div id='av_section_1' class='avia-section main_color avia-section-default avia-no-border-styling avia-bg-style-scroll   av-arrow-down-section container_wrap fullsize' style = 'background-color: #770000; '  ><div class='container' ><div class='template-page content  av-content-full alpha units'><div class='post-entry post-entry-type-page post-entry-21'><div class='entry-content-wrapper clearfix'>\n<div class=\"flex_column av_one_fourth  flex_column_div first  \" ><div  class=\"avia-animated-number av-force-default-color  avia-color-font-light  avia_animate_when_visible\" ><strong class=\"heading avia-animated-number-title\" ><span class=\"avia-single-number __av-single-number\" data-number=\"17\">17<\/span><\/strong><div class='avia-animated-number-content' ><p>Happy Clients<\/p>\n<\/div><\/div><\/div><div class=\"flex_column av_one_fourth  flex_column_div av-zero-column-padding   \" style='border-radius:0px; '><div  class=\"avia-animated-number av-force-default-color  avia-color-font-light  avia_animate_when_visible\" ><strong class=\"heading avia-animated-number-title\" ><span class=\"avia-single-number __av-single-number\" data-number=\"556\">556<\/span><\/strong><div class='avia-animated-number-content' ><p>Arbeitsstunden<\/p>\n<\/div><\/div><\/div><div class=\"flex_column av_one_fourth  flex_column_div av-zero-column-padding   \" style='border-radius:0px; '><div  class=\"avia-animated-number av-force-default-color  avia-color-font-light  avia_animate_when_visible\" ><strong class=\"heading avia-animated-number-title\" ><span class=\"avia-single-number __av-single-number\" data-number=\"432\">432<\/span><\/strong><div class='avia-animated-number-content' ><p>Stoffmeter verbraucht<\/p>\n<\/div><\/div><\/div><div class=\"flex_column av_one_fourth  flex_column_div av-zero-column-padding   \" style='border-radius:0px; '><div  class=\"avia-animated-number av-force-default-color  avia-color-font-light  avia_animate_when_visible\" ><strong class=\"heading avia-animated-number-title\" ><span class=\"avia-single-number __av-single-number\" data-number=\"78\">78<\/span><\/strong><div class='avia-animated-number-content' ><p>Gefertigte Einzelst\u00fccke<\/p>\n<\/div><\/div><\/div>\n\n<\/div><\/div><\/div><!-- close content main div --><\/div><div class='av-extra-border-element border-extra-arrow-down'><div class='av-extra-border-outer'><div class='av-extra-border-inner'  style='background-color:#770000;' ><\/div><\/div><\/div><\/div><div id='av-layout-grid-2' class='av-layout-grid-container entry-content-wrapper main_color av-flex-cells    container_wrap fullsize'   >\n<div class=\"flex_cell no_margin av_one_half   avia-full-stretch \" style='height:400px; min-height:400px;background-image:url(https:\/\/www.sieben-zwoelftel.at\/wp-content\/uploads\/2018\/05\/lieblingsst\u00fccke1.jpg); background-position:center center; background-repeat:no-repeat; background-attachment:scroll; vertical-align:top; padding:30px; '><div class='flex_cell_inner' ><\/div><\/div><div class=\"flex_cell no_margin av_one_half   avia-full-stretch \" style='height:400px; min-height:400px;background-image:url(https:\/\/www.sieben-zwoelftel.at\/wp-content\/uploads\/2018\/05\/massanfertig.jpg); background-position:center center; background-repeat:no-repeat; background-attachment:scroll; vertical-align:top; padding:30px; '><div class='flex_cell_inner' ><\/div><\/div>\n<\/div>\n<\/div><\/div><\/div><!-- close content main div --><\/div><div class='av-extra-border-element border-extra-arrow-down'><div class='av-extra-border-outer'><div class='av-extra-border-inner'  style='background-color:#770000;' ><\/div><\/div><\/div><\/div><div id='av-layout-grid-3' class='av-layout-grid-container entry-content-wrapper main_color av-flex-cells    container_wrap fullsize'   >\n<div class=\"flex_cell no_margin av_one_half   \" style='vertical-align:top; padding:40px; '><div class='flex_cell_inner' ><p><div style='padding-bottom:10px;' class='av-special-heading av-special-heading-h3    '><h3 class='av-special-heading-tag '  itemprop=\"headline\"  >Lieblingsst\u00fccke!<\/h3><div class='special-heading-border'><div class='special-heading-inner-border' ><\/div><\/div><\/div><br \/>\n<section class=\"av_textblock_section \"  itemscope=\"itemscope\" itemtype=\"https:\/\/schema.org\/CreativeWork\" ><div class='avia_textblock  '   itemprop=\"text\" ><p>Es sollte jede Frau, aber auch jeder Mann Lieblingsst\u00fccke im Schrank haben. Mit meinem Label m\u00f6chte ich gerne meine Lieblingsst\u00fccke weiter geben. Ich <span class=\"misspelling correction\" title=\"M\u00f6glicher Rechtschreibfehler gefunden\" data-type=\"misspelling\" data-suggestions=\"&#091;{\" data-word=\"habs\">habe<\/span> es am liebsten bequem, aber doch soll es nicht nach Jogginghose oder <span class=\"misspelling correction\" title=\"M\u00f6glicher Rechtschreibfehler gefunden\" data-type=\"misspelling\" data-suggestions=\"&#091;{\" data-word=\"Schlaberlook\">Schlabberlook<\/span> ausschauen. Daher sind viele Dinge von mir in dem Stil Over Sized, ich f\u00fchl mich darin sehr wohl, weil man wird ja von der Gesellschaft so schon genug eingeengt!<\/p>\n<\/div><\/section><\/p>\n<\/div><\/div><div class=\"flex_cell no_margin av_one_half   \" style='vertical-align:top; padding:40px; background-color:#f7f7f7; '><div class='flex_cell_inner' ><p><div style='padding-bottom:10px;' class='av-special-heading av-special-heading-h3    '><h3 class='av-special-heading-tag '  itemprop=\"headline\"  >Dein pers\u00f6nliches Einzelst\u00fcck!<\/h3><div class='special-heading-border'><div class='special-heading-inner-border' ><\/div><\/div><\/div><br \/>\n<section class=\"av_textblock_section \"  itemscope=\"itemscope\" itemtype=\"https:\/\/schema.org\/CreativeWork\" ><div class='avia_textblock  '   itemprop=\"text\" ><p>Egal welcher Anlass, Maturaball, Hochzeit, Brautjungfernkleid, Dirndl, klassisches Kost\u00fcm <span class=\"error duplication\" title=\"M\u00f6glicher Tippfehler: ein Wort wird wiederholt\" data-type=\"duplication\" data-suggestions=\"&#091;{\" data-word=\"oder oder\">oder oder<\/span> oder, ich bin sehr gerne f\u00fcr deine W\u00fcnsche da! Wir erarbeiten gemeinsam deine Ideen und setzen sie zu einem Kleidungsst\u00fcck um. Der <span class=\"misspelling correction\" title=\"M\u00f6glicher Rechtschreibfehler gefunden\" data-type=\"misspelling\" data-suggestions=\"&#091;{\" data-word=\"nechste\">n\u00e4chste<\/span> Schritt ist es die perfekten Stoffe zu unserem Design zu finden, hierf\u00fcr gehe ich sehr gerne mit dir gemeinsam deine Stoffe aussuchen und shoppen!<\/p>\n<p>Nach ein, zwei Proben und vielen Handstichen sp\u00e4ter hast du dann dein pers\u00f6nliches Einzelst\u00fcck in <span class=\"uncategorized correction\" title=\"M\u00f6glicherweise fehlende grammatische \u00dcbereinstimmung zwischen Artikel und Nomen bez\u00fcglich Kasus (Fall: Wer\/Was, Wessen, Wem, Wen\/Was - Beispiel: 'das Fahrrads' statt 'des Fahrrads').\" data-type=\"uncategorized\" data-suggestions=\"&#091;{\" data-word=\"den H\u00e4nde\">den H\u00e4nden<\/span>!<\/p>\n<\/div><\/section><\/p>\n<\/div><\/div><\/div>\n","protected":false},"excerpt":{"rendered":"","protected":false},"author":1,"featured_media":0,"parent":0,"menu_order":0,"comment_status":"open","ping_status":"open","template":"","meta":[],"_links":{"self":[{"href":"https:\/\/www.sieben-zwoelftel.at\/index.php?rest_route=\/wp\/v2\/pages\/21"}],"collection":[{"href":"https:\/\/www.sieben-zwoelftel.at\/index.php?rest_route=\/wp\/v2\/pages"}],"about":[{"href":"https:\/\/www.sieben-zwoelftel.at\/index.php?rest_route=\/wp\/v2\/types\/page"}],"author":[{"embeddable":true,"href":"https:\/\/www.sieben-zwoelftel.at\/index.php?rest_route=\/wp\/v2\/users\/1"}],"replies":[{"embeddable":true,"href":"https:\/\/www.sieben-zwoelftel.at\/index.php?rest_route=%2Fwp%2Fv2%2Fcomments&post=21"}],"version-history":[{"count":30,"href":"https:\/\/www.sieben-zwoelftel.at\/index.php?rest_route=\/wp\/v2\/pages\/21\/revisions"}],"predecessor-version":[{"id":784,"href":"https:\/\/www.sieben-zwoelftel.at\/index.php?rest_route=\/wp\/v2\/pages\/21\/revisions\/784"}],"wp:attachment":[{"href":"https:\/\/www.sieben-zwoelftel.at\/index.php?rest_route=%2Fwp%2Fv2%2Fmedia&parent=21"}],"curies":[{"name":"wp","href":"https:\/\/api.w.org\/{rel}","templated":true}]}}

</div></div></div><!-- close content main div --></div></div><div id='full_slider_1' class='avia-fullwidth-slider main_color avia-shadow   container_wrap fullsize'   ><div  data-size='extra_large'  data-lightbox_size='large'  data-animation='fade'  data-ids='700'  data-video_counter='0'  data-autoplay='false'  data-bg_slider='false'  data-slide_height=''  data-handle='av_slideshow_full'  data-interval='5'  data-class=' '  data-css_id=''  data-scroll_down=''  data-control_layout='av-control-minimal'  data-custom_markup=''  data-perma_caption=''  data-autoplay_stopper=''  data-image_attachment=''  data-min_height='0px'  data-src=''  data-position='top left'  data-repeat='no-repeat'  data-attach='scroll'  data-stretch=''  data-default-height='100'  class='avia-slideshow avia-slideshow-1  av-control-minimal av-default-height-applied avia-slideshow-extra_large av_slideshow_full   avia-fade-slider '  itemprop="ImageObject" itemscope="itemscope" itemtype="https://schema.org/ImageObject" ><ul class='avia-slideshow-inner' style='padding-bottom: 59.8%;'><li  class=' av-single-slide slide-1 ' ><div data-rel='slideshow-1' class='avia-slide-wrap'  ><img src='https://www.sieben-zwoelftel.at/wp-content/uploads/2018/05/About-1500x897.jpg' width='1500' height='897' title='About' alt=''  itemprop="thumbnailUrl"   /></div></li></ul></div></div>
</div></div></div><!-- close content main div --></div></div><div id='av-layout-grid-1' class='av-layout-grid-container entry-content-wrapper main_color av-flex-cells    container_wrap fullsize'   >
<div class="flex_cell no_margin av_one_third   " style='vertical-align:top; padding:30px; '><div class='flex_cell_inner' ><p><div style='padding-bottom:10px;' class='av-special-heading av-special-heading-h3     '><h3 class='av-special-heading-tag '  itemprop="headline"  >Zu Mir!</h3><div class='special-heading-border'><div class='special-heading-inner-border' ></div></div></div><br />
<section class="av_textblock_section "  itemscope="itemscope" itemtype="https://schema.org/CreativeWork" ><div class='avia_textblock  '   itemprop="text" ><p>Die Person hinter &#8220;sieben.zwölftel&#8221; besitzt natürlich auch einen Namen: mein Name ist Sandra Forstner und ich komme aus der Obersteiermark. Meine Liebe zum Schneiderhandwerk hat sich sehr früh entwickelt, da meine Mama auch Schneiderin ist. Bereits mit fünf schneiderte ich für meine Barbiepuppen besondere Outfits. Meine Ausbildung zur Damenkleidermachermeisterin habe ich über 2 Schulen absolviert. Zuerst besuchte ich die Modeschule Klagenfurt &#8220;Die WI´MO&#8221; und absolvierte dort 5 Jahre mit Matura. Das Jahr darauf ging ich nach Wien an die Mode- und Designschule &#8220;Die Herbststraße&#8221; und beendete diese mit meinem Meisterbrief. Nach dieser war ich noch in Wien im Theaterbereich unterwegs, daher verarbeite ich vieles auf meine eigene Weise. Jetzt mit meinem Label möchte ich Fashion schaffen, in der sich die Menschen wohlfühlen!</p>
</div></section></p>
</div></div><div class="flex_cell no_margin av_one_third   " style='vertical-align:top; padding:30px; background-color:#f7f7f7; '><div class='flex_cell_inner' ><p><div style='padding-bottom:10px;' class='av-special-heading av-special-heading-h3     '><h3 class='av-special-heading-tag '  itemprop="headline"  >Genau das richtige für dich!</h3><div class='special-heading-border'><div class='special-heading-inner-border' ></div></div></div><br />
<section class="av_textblock_section "  itemscope="itemscope" itemtype="https://schema.org/CreativeWork" ><div class='avia_textblock  '   itemprop="text" ><p>Ich arbeite sehr eng mit meinen Kunden, also mit dir zusammen! Mir ist es sehr wichtig das ich einen persönlichen Bezug zum Kunden finde und dadurch verstehe ich leichter die Ideen hinter dem was Sie gerne haben möchten. Um die richtigen Materialien und Farben zu finden gehe ich gemeinsam mit ihnen Stoffe shoppen. Meine Arbeitsweise ist sicher etwas anders, da ich ICH bin 😉</p>
<p>Kleine Philosophie zu meiner Casual Wear: Ich gehe liebend gerne Stoffe schauen und shoppen und daher finde ich fast immer für mich wunderschöne Materialien. Diese gibt es dann meist nur mehr als Reststücke und daraus entstehen dan meine Sachen. Diese gibt es daher nur in ganz kleine Auflagen, wenn überhaupt in jeder Größe 1 Stück, je nach Stoffmetern!</p>
</div></section></p>
</div></div><div class="flex_cell no_margin av_one_third   " style='vertical-align:top; padding:30px; background-color:#eaeaea; '><div class='flex_cell_inner' ><p><div style='padding-bottom:10px;' class='av-special-heading av-special-heading-h3    '><h3 class='av-special-heading-tag '  itemprop="headline"  >Aus dem grünen Herzen Österreichs!</h3><div class='special-heading-border'><div class='special-heading-inner-border' ></div></div></div><br />
<section class="av_textblock_section "  itemscope="itemscope" itemtype="https://schema.org/CreativeWork" ><div class='avia_textblock  '   itemprop="text" ><p>Ich bin ein typisches Landei! Meine Liebe zur Heimat hat sich sehr verstärkt als ich meine Ausbildung in Wien machte. Sogern ich auch in der großen Stadt bin, soo viel lieber bin ich zwischen meinen Bergen in der Obersteiermark! Dort kann ich besser meine Ideen sortieren und umsetzen, die ich in der Stadt gesammelt habe. Mein Leben ist vielfältig und ich kann nicht für eine Sekunde ruhig sitzen, ein Mensch der immer auf Achse ist.</p>
</div></section></p>
</div></div>
</div>
</div></div></div><!-- close content main div --></div></div><div id='av_section_1' class='avia-section main_color avia-section-default avia-no-border-styling avia-bg-style-scroll   av-arrow-down-section container_wrap fullsize' style = 'background-color: #770000; '  ><div class='container' ><div class='template-page content  av-content-full alpha units'><div class='post-entry post-entry-type-page post-entry-21'><div class='entry-content-wrapper clearfix'>
<div class="flex_column av_one_fourth  flex_column_div first  " ><div  class="avia-animated-number av-force-default-color  avia-color-font-light  avia_animate_when_visible" ><strong class="heading avia-animated-number-title" ><span class="avia-single-number __av-single-number" data-number="17">17</span></strong><div class='avia-animated-number-content' ><p>Happy Clients</p>
</div></div></div><div class="flex_column av_one_fourth  flex_column_div av-zero-column-padding   " style='border-radius:0px; '><div  class="avia-animated-number av-force-default-color  avia-color-font-light  avia_animate_when_visible" ><strong class="heading avia-animated-number-title" ><span class="avia-single-number __av-single-number" data-number="556">556</span></strong><div class='avia-animated-number-content' ><p>Arbeitsstunden</p>
</div></div></div><div class="flex_column av_one_fourth  flex_column_div av-zero-column-padding   " style='border-radius:0px; '><div  class="avia-animated-number av-force-default-color  avia-color-font-light  avia_animate_when_visible" ><strong class="heading avia-animated-number-title" ><span class="avia-single-number __av-single-number" data-number="432">432</span></strong><div class='avia-animated-number-content' ><p>Stoffmeter verbraucht</p>
</div></div></div><div class="flex_column av_one_fourth  flex_column_div av-zero-column-padding   " style='border-radius:0px; '><div  class="avia-animated-number av-force-default-color  avia-color-font-light  avia_animate_when_visible" ><strong class="heading avia-animated-number-title" ><span class="avia-single-number __av-single-number" data-number="78">78</span></strong><div class='avia-animated-number-content' ><p>Gefertigte Einzelstücke</p>
</div></div></div>

</div></div></div><!-- close content main div --></div><div class='av-extra-border-element border-extra-arrow-down'><div class='av-extra-border-outer'><div class='av-extra-border-inner'  style='background-color:#770000;' ></div></div></div></div><div id='av-layout-grid-2' class='av-layout-grid-container entry-content-wrapper main_color av-flex-cells    container_wrap fullsize'   >
<div class="flex_cell no_margin av_one_half   avia-full-stretch " style='height:400px; min-height:400px;background-image:url(https://www.sieben-zwoelftel.at/wp-content/uploads/2018/05/lieblingsstücke1.jpg); background-position:center center; background-repeat:no-repeat; background-attachment:scroll; vertical-align:top; padding:30px; '><div class='flex_cell_inner' ></div></div><div class="flex_cell no_margin av_one_half   avia-full-stretch " style='height:400px; min-height:400px;background-image:url(https://www.sieben-zwoelftel.at/wp-content/uploads/2018/05/massanfertig.jpg); background-position:center center; background-repeat:no-repeat; background-attachment:scroll; vertical-align:top; padding:30px; '><div class='flex_cell_inner' ></div></div>
</div>
</div></div></div><!-- close content main div --></div><div class='av-extra-border-element border-extra-arrow-down'><div class='av-extra-border-outer'><div class='av-extra-border-inner'  style='background-color:#770000;' ></div></div></div></div><div id='av-layout-grid-3' class='av-layout-grid-container entry-content-wrapper main_color av-flex-cells    container_wrap fullsize'   >
<div class="flex_cell no_margin av_one_half   " style='vertical-align:top; padding:40px; '><div class='flex_cell_inner' ><p><div style='padding-bottom:10px;' class='av-special-heading av-special-heading-h3    '><h3 class='av-special-heading-tag '  itemprop="headline"  >Lieblingsstücke!</h3><div class='special-heading-border'><div class='special-heading-inner-border' ></div></div></div><br />
<section class="av_textblock_section "  itemscope="itemscope" itemtype="https://schema.org/CreativeWork" ><div class='avia_textblock  '   itemprop="text" ><p>Es sollte jede Frau, aber auch jeder Mann Lieblingsstücke im Schrank haben. Mit meinem Label möchte ich gerne meine Lieblingsstücke weiter geben. Ich <span class="misspelling correction" title="Möglicher Rechtschreibfehler gefunden" data-type="misspelling" data-suggestions="&#091;{" data-word="habs">habe</span> es am liebsten bequem, aber doch soll es nicht nach Jogginghose oder <span class="misspelling correction" title="Möglicher Rechtschreibfehler gefunden" data-type="misspelling" data-suggestions="&#091;{" data-word="Schlaberlook">Schlabberlook</span> ausschauen. Daher sind viele Dinge von mir in dem Stil Over Sized, ich fühl mich darin sehr wohl, weil man wird ja von der Gesellschaft so schon genug eingeengt!</p>
</div></section></p>
</div></div><div class="flex_cell no_margin av_one_half   " style='vertical-align:top; padding:40px; background-color:#f7f7f7; '><div class='flex_cell_inner' ><p><div style='padding-bottom:10px;' class='av-special-heading av-special-heading-h3    '><h3 class='av-special-heading-tag '  itemprop="headline"  >Dein persönliches Einzelstück!</h3><div class='special-heading-border'><div class='special-heading-inner-border' ></div></div></div><br />
<section class="av_textblock_section "  itemscope="itemscope" itemtype="https://schema.org/CreativeWork" ><div class='avia_textblock  '   itemprop="text" ><p>Egal welcher Anlass, Maturaball, Hochzeit, Brautjungfernkleid, Dirndl, klassisches Kostüm <span class="error duplication" title="Möglicher Tippfehler: ein Wort wird wiederholt" data-type="duplication" data-suggestions="&#091;{" data-word="oder oder">oder oder</span> oder, ich bin sehr gerne für deine Wünsche da! Wir erarbeiten gemeinsam deine Ideen und setzen sie zu einem Kleidungsstück um. Der <span class="misspelling correction" title="Möglicher Rechtschreibfehler gefunden" data-type="misspelling" data-suggestions="&#091;{" data-word="nechste">nächste</span> Schritt ist es die perfekten Stoffe zu unserem Design zu finden, hierfür gehe ich sehr gerne mit dir gemeinsam deine Stoffe aussuchen und shoppen!</p>
<p>Nach ein, zwei Proben und vielen Handstichen später hast du dann dein persönliches Einzelstück in <span class="uncategorized correction" title="Möglicherweise fehlende grammatische Übereinstimmung zwischen Artikel und Nomen bezüglich Kasus (Fall: Wer/Was, Wessen, Wem, Wen/Was - Beispiel: 'das Fahrrads' statt 'des Fahrrads')." data-type="uncategorized" data-suggestions="&#091;{" data-word="den Hände">den Händen</span>!</p>
</div></section></p>
</div></div></div>
